 2. Determine u(-3).
-13
Let r(n) = -28*n + 1. Give r(3).
-83
Let v(a) = a - 16. Calculate v(7).
-9
Let o(m) = m**3 - 9*m**2 + 8*m - 8. What is o(8)?
-8
Let o(f) = 2*f**2 - f - 7. Give o(6).
59
Let p(y) = -26*y - 676. What is p(-26)?
0
Let h(u) = -u**2 + 12*u - 16. Give h(7).
19
Let j(k) = k**3 - 12*k**2 + 35*k - 1. Calculate j(7).
-1
Let z(g) = -24*g - 7. What is z(4)?
-103
Let q(f) = f**3 - 16*f**2 - 19*f + 48. What is q(17)?
14
Let y(x) = -3*x - 3. Give y(4).
-15
Let o(w) = -6*w - 191. Calculate o(-29).
-17
Let b(n) = 3*n + 9. Give b(-2).
3
Let m(y) = y**3 + 8*y**2 - 11*y + 5. Give m(-9).
23
Let c(w) = -w**3 + 5*w**2 - 6*w + 19. Determine c(6).
-53
Let k(g) = 2*g**2 + 16*g + 15. Determine k(-8).
15
Let n(w) = -3*w**2 - 42*w. Calculate n(-14).
0
Let z(f) = -f**3 + 3*f**2 - 2*f + 11. Determine z(4).
-13
Let g(y) = -y + 9. Calculate g(-7).
16
Let u(o) = o - 11. Determine u(6).
-5
Let n(m) = 3*m**2 - 4*m - 24. Calculate n(0).
-24
Let j(v) = -3*v + 43. Determine j(18).
-11
Let q(d) = d**3 + 3*d**2 - 4*d - 4. Determine q(-3).
8
Let p(t) = t**2 + 6*t + 9. Calculate p(-8).
25
Let r(d) = -d**2 + 2*d + 10. What is r(5)?
-5
Let j(f) = -f**3 + 11*f**2 + 3*f - 26. Calculate j(11).
7
Let l(k) = -k**3 - 11*k**2 + k + 8. What is l(-11)?
-3
Let l(r) = 3*r - 5. What is l(-4)?
-17
Let t(q) = -2*q + 2. Give t(3).
-4
Let u(q) = q**3 + 3*q**2 - 8*q + 12. Calculate u(-5).
2
Let w(t) = t**3 - 8*t**2 - t - 10. What is w(7)?
-66
Let f(v) = v. Calculate f(-2).
-2
Let z(a) = a**3 - 11*a**2 - 27*a + 9. Calculate z(13).
-4
Let n(q) = 3*q - 3. Give n(3).
6
Let y(u) = -5*u + 17. What is y(5)?
-8
Let y(k) = 3*k + 7. Give y(-7).
-14
Let j(z) = 2*z**2 + 8*z + 3. Calculate j(-3).
-3
Let v(i) = -i + 10. Give v(-11).
21
Let h(c) = 35*c. What is h(-1)?
-35
Let l(p) = p**3 - 17*p**2 - p - 9. Give l(17).
-26
Let p(n) = -n**3 + 11*n**2 - 16*n - 4. Determine p(9).
14
Let s(h) = h - 4. Determine s(-3).
-7
Let f(i) = i**3 + 8*i**2 + 7*i - 1. Calculate f(-6).
29
Let k(b) = -7*b - 32. What is k(-11)?
45
Let h(g) = g**2 - 8*g - 3. Calculate h(9).
6
Let y(o) = -o**3 + 11*o**2 + 13*o - 13. Determine y(12).
-1
Let m(d) = -d**3 + 24*d**2 - 44*d + 1. Calculate m(22).
1
Let t(l) = -l**2 + 6*l + 6. Calculate t(-1).
-1
Let r(a) = -4*a - 6. What is r(7)?
-34
Let o(a) = -a**2 - 17*a - 67. Give o(-11).
-1
Let s(w) = -64*w**3 - 2*w**2 + 4*w + 5. Determine s(-1).
63
Let o(g) = 10*g + 336. Determine o(-33).
6
Let l(u) = u**2 + 7*u + 43. Give l(-4).
31
Let b(r) = -10*r - 605. Determine b(-60).
-5
Let w(s) = s**3 - 8*s**2 + 6*s - 15. Determine w(7).
-22
Let y(i) = i**3 - 5*i**2 + 4*i - 7. Determine y(5).
13
Let d(m) = -m - 5. Give d(-8).
3
Let s(f) = -3*f**3 + f - 2. Determine s(-3).
76
Let z(h) = -3*h + 47. Calculate z(9).
20
Let s(f) = -f**3 - 5*f**2 + 2*f. Determine s(-3).
-24
Let t(f) = 2*f**2 + 40*f - 34. Determine t(-19).
-72
Let c(w) = -2*w**3 + 22*w**2 - 2*w + 4. Give c(11).
-18
Let q(a) = a**3 + 6*a**2 + 5*a + 3. What is q(-5)?
3
Let a(l) = -l**3 - 4*l**2 - 2*l + 2. Give a(-3).
-1
Let x(m) = -7*m + 47. What is x(9)?
-16
Let b(i) = -3*i - 22. What is b(-12)?
14
Let a(l) = -35*l - 201. What is a(-6)?
9
Let g(k) = k + 4. What is g(-13)?
-9
Let i(n) = 4*n - 4. What is i(-1)?
-8
Let i(a) = -12*a + 124. What is i(11)?
-8
Let i(d) = 2*d**3 - 2*d**2 - d - 6. Calculate i(0).
-6
Let r(u) = 9*u + 5. What is r(-15)?
-130
Let z(u) = u**2 + 7*u - 3. Determine z(-10).
27
Let v(h) = 2*h**3 - h**2 + 3*h + 11. What is v(0)?
11
Let u(q) = 3*q + 8. Calculate u(-5).
-7
Let v(u) = 2*u**3 - 16*u**2 + 8*u - 7. Determine v(7).
-49
Let k(z) = -4*z - 38. Calculate k(-14).
18
Let u(b) = -b**3 - 2*b**2 - 13. What is u(-3)?
-4
Let g(l) = -8*l + 47. What is g(7)?
-9
Let r(y) = y**2 - 12*y - 8. Determine r(12).
-8
Let b(v) = -13*v - 7. Calculate b(-2).
19
Let y(k) = k**3 + 27*k**2 - k - 2. Determine y(-27).
25
Let m(s) = -14*s**2 - 2*s + 2. Determine m(-2).
-50
Let k(m) = -m**2 + 9*m. Calculate k(6).
18
Let r(j) = 13*j + 56. Calculate r(-5).
-9
Let f(t) = 6*t - 129. Determine f(19).
-15
Let v(h) = 12*h - 66. Calculate v(3).
-30
Let v(h) = h**3 + 10*h**2 + 4*h - 32. Calculate v(-9).
13
Let i(f) = -2*f**2 - 2*f - 3. What is i(6)?
-87
Let y(u) = -u**3 - u**2 + 12*u + 10. Calculate y(-4).
10
Let w(s) = -s**2 - 8*s + 23. What is w(-10)?
3
Let r(i) = 2*i + 8. What is r(8)?
24
Let n(o) = 6*o - 17. What is n(-8)?
-65
Let z(o) = 8*o - 2. What is z(2)?
14
Let y(t) = -t**2 - 3*t - 8. Give y(-6).
-26
Let v(i) = -i**2 + 3*i + 12. Determine v(6).
-6
Let m(q) = -q + 2. Determine m(-5).
7
Let t(o) = o**2 + 21*o + 61. Determine t(-18).
7
Let h(u) = -u**2 + 8*u + 3. What is h(6)?
15
Let k(j) = -j**2 - 22*j + 26. Determine k(-25).
-49
Let b(h) = 49*h**2 + 297*h + 12. What is b(-6)?
-6
Let d(j) = j**3 - 2*j**2 - 3. Calculate d(-3).
-48
Let y(b) = -4*b**2 + 69*b + 123. Determine y(19).
-10
Let a(i) = 3*i**2 + 62*i + 40. Calculate a(-20).
0
Let k(z) = z**2 - 7*z + 11. Give k(4).
-1
Let h(v) = v + 3. Calculate h(1).
4
Let d(c) = -c**2 - 27*c - 30. What is d(-25)?
20
Let s(k) = -k**3 - 5*k**2 - 3*k + 6. What is s(-6)?
60
Let t(p) = -p**2 + 8*p - 19. Give t(7).
-12
Let t(q) = q**3 + 7*q**2 - 16*q - 14. Calculate t(-9).
-32
Let v(o) = o**3 - 5*o**2 - o - 6. Calculate v(5).
-11
Let a(x) = -x**3 + 6*x**2 - x - 4. What is a(6)?
-10
Let m(j) = 15*j**2 + j + 4. Determine m(-2).
62
Let c(y) = -y**2 + 4*y + 5. Determine c(-3).
-16
Let f(j) = 2*j**2 - 8*j + 8. What is f(6)?
32
Let c(o) = -7*o - 40. Determine c(-5).
-5
Let l(x) = -x**3 + 11*x**2 + 12*x - 17. Give l(12).
-17
Let h(z) = -4*z**3 + 34*z**2 - 11*z - 28. What is h(8)?
12
Let c(f) = f**3 - 11*f**2 + 2*f - 11. What is c(11)?
11
Let r(s) = s**3 - s**2 + 2*s - 1. What is r(0)?
-1
Let f(n) = -4*n**2 - 165*n - 325. Calculate f(-2).
-11
Let a(u) = -10*u - 535. What is a(-54)?
5
Let r(x) = -5*x - 128. What is r(0)?
-128
Let i(w) = -43*w - 84. Calculate i(-2).
2
Let b(t) = -12*t + 550. Give b(46).
-2
Let f(j) = j + 5. Calculate f(-4).
1
Let s(a) = -a**3 - 4*a**2 - 3*a + 1. Give s(-3).
1
Let v(k) = -24*k + 30. Give v(6).
-114
Let o(w) = -2*w**3 + 14*w**2 + 16*w + 5. Give o(8).
5
Let t(r) = 7*r - 86. What is t(12)?
-2
Let o(g) = 4*g + 13. Calculate o(-6).
-11
Let h(f) = -2*f - 12. Give h(5).
-22
Let p(h) = -h**2 + 45*h - 203. Determine p(40).
-3
Let d(o) = 3*o**2 - 8*o - 4. Give d(3).
-1
Let q(y) = -y**2 - 12*y - 7. Determine q(-12).
-7
Let u(n) = -2*n - 9. Calculate u(-4).
-1
Let l(d) = -2*d + 6. Determine l(-6).
18
Let a(o) = 14*o + 920. What is a(-66)?
-4
Let w(h) = 77*h - 296. Calculate w(4).
12
Let m(r) = -3*r**3 + r**2. Determine m(-1).
4
Let y(n) = n**3 + 18*n**2 + 19*n + 41. Determine y(-17).
7
Let c(o) = o**3 - 9*o**2 + 16*o - 22. What is c(7)?
-8
Let c(o) = o**3 - 9*o**2 + 10*o + 3. What is c(7)?
-25
Let j(l) = l**2 + 11*l - 14. Calculate j(-9).
-32
Let m(n) = -3*n - 4. Determine m(3).
-13
Let x(i) = -6*i**2 - 24*i + 2. Determine x(-4).
2
Let c(l) = -l**2 - 6*l - 8. Determine c(-4).
0
Let q(h) = 9*h**2 - 45*h - 7. Determine q(5).
-7
Let r(n) = -n**3 + 6*n**2 + 15*n - 29. Give r(8).
-37
Let y(q) = q**3 - 6*q**2 + 4*q - 19. Determine y(6).
5
Let k(p) = 27*p**3 + p**2 + 3*p - 3. Determine k(1).
28
Let q(z) = z**2 + 7*z - 15. Determine q(-7).
-15
Let o(x) = 4*x - 18. Give o(10).
22
Let j(x) = x**3 + 3*x**2 + 2*x - 1. Determine j(-2).
-1
Let g(u) = -2*u**3 + 2*u**2 - u. Calculate g(2).
-10
Let l(n) = -n - 6. Determine l(-2).
-4
Let g(a) = -a**2 + 6*a + 2. Give g(7).
-5
Let s(y) = y**3 + 7*y**2 + 8*y + 5. Determine s(-4).
21
Let a(j) = 2*j**2 - j. Determine a(-1).
3
Let c(g) = 2*g**3 - 9*g**2 - 7*g - 4. Calculate c(5).
-14
Let j(c) = -c**3 + 37*c**2 + 121*c - 40. Calculate j(40).
0
Let z(p) = -6*p**3 - 3*p - 2. Determine z(-1).
7
Let p(d) = d**2 - 4*d - 3. Give p(4).
-3
Let r(j) = -j**2 - 10*j - 10. Determine r(-8).
6
Let d(g) = 2*g + 29. Determine d(15).
59
Let c(f) = 4*f - 35. Determine c(3).
-23
Let m(l) = 15*l + 57. Calculate m(-9).
-78
Let y(s) = s**2 - 8*s - 19. Calculate y(10).
1
Let n(q) = -q**3 - 18*q**2 - 12*q + 74. What is n(-17)?
-11
Let g(m) = -2*m + 21. Calculate g(3).
15
Let s(l) = -2*l - 41. What is s(-17)?
-7
Let o(a) = a**2 - 18*a + 34. What is o(16)?
2
Let a(x) = 29*x - 3. Give a(2).
55
Let y(p) = p**2 - 14*p + 7. Calculate y(13).
-6
Let s(l) = 4*l**2 + 65*l + 11. Determine s(-16).
